{"id":39,"date":"2024-04-24T09:37:47","date_gmt":"2024-04-24T07:37:47","guid":{"rendered":"https:\/\/jpanimation38.fr\/?page_id=39"},"modified":"2024-04-24T10:00:38","modified_gmt":"2024-04-24T08:00:38","slug":"contact-2","status":"publish","type":"page","link":"https:\/\/jpanimation38.fr\/index.php\/contact-2\/","title":{"rendered":"Contact"},"content":{"rendered":"<p style=\"text-align: center;\">Pour tout \u00e9v\u00e8nement musical (mariage, s\u00e9minaire d&rsquo;entreprise, karaok\u00e9, soir\u00e9e priv\u00e9e&#8230;) sur la r\u00e9gion de Grenoble, contactez JP ANIMATION 38 ais\u00e9ment ! Utilisez le formulaire ci-dessous, ou appelez nous au : 06 83 32 04 88.<\/p>\n<p style=\"text-align: center;\">Vous pouvez \u00e9galement nous rejoindre sur<\/p>\n<p><a href=\"https:\/\/www.facebook.com\/people\/Jpanimation\/100057123112846\/\" target=\"_blank\" rel=\"noopener\"><img loading=\"lazy\" decoding=\"async\" class=\"wp-image-45  aligncenter\" src=\"https:\/\/jpanimation38.fr\/wp-content\/uploads\/2024\/04\/FB-150x150.png\" alt=\"\" width=\"66\" height=\"66\" srcset=\"https:\/\/jpanimation38.fr\/wp-content\/uploads\/2024\/04\/FB-150x150.png 150w, https:\/\/jpanimation38.fr\/wp-content\/uploads\/2024\/04\/FB-300x300.png 300w, https:\/\/jpanimation38.fr\/wp-content\/uploads\/2024\/04\/FB-230x230.png 230w, https:\/\/jpanimation38.fr\/wp-content\/uploads\/2024\/04\/FB-350x350.png 350w, https:\/\/jpanimation38.fr\/wp-content\/uploads\/2024\/04\/FB-480x480.png 480w, https:\/\/jpanimation38.fr\/wp-content\/uploads\/2024\/04\/FB.png 512w\" sizes=\"auto, (max-width: 66px) 100vw, 66px\" \/><\/a><\/p>\n<p style=\"text-align: center;\">A tr\u00e8s bient\u00f4t !<\/p>\n<p style=\"text-align: center;\">\n<div class=\"wpcf7 no-js\" id=\"wpcf7-f6-o1\" lang=\"fr-FR\" dir=\"ltr\" data-wpcf7-id=\"6\">\n<div class=\"screen-reader-response\"><p role=\"status\" aria-live=\"polite\" aria-atomic=\"true\"><\/p> <ul><\/ul><\/div>\n<form action=\"\/index.php\/wp-json\/wp\/v2\/pages\/39#wpcf7-f6-o1\" method=\"post\" class=\"wpcf7-form init\" aria-label=\"Formulaire de contact\" novalidate=\"novalidate\" data-status=\"init\">\n<div style=\"display: none;\">\n<input type=\"hidden\" name=\"_wpcf7\" value=\"6\" \/>\n<input type=\"hidden\" name=\"_wpcf7_version\" value=\"6.0.2\" \/>\n<input type=\"hidden\" name=\"_wpcf7_locale\" value=\"fr_FR\" \/>\n<input type=\"hidden\" name=\"_wpcf7_unit_tag\" value=\"wpcf7-f6-o1\" \/>\n<input type=\"hidden\" name=\"_wpcf7_container_post\" value=\"0\" \/>\n<input type=\"hidden\" name=\"_wpcf7_posted_data_hash\" value=\"\" \/>\n<\/div>\n<p>Votre nom<br \/>\n<span class=\"wpcf7-form-control-wrap\" data-name=\"your-name\"><input size=\"40\" maxlength=\"400\" class=\"wpcf7-form-control wpcf7-text wpcf7-validates-as-required\" autocomplete=\"name\" aria-required=\"true\" aria-invalid=\"false\" value=\"\" type=\"text\" name=\"your-name\" \/><\/span>\n<\/p>\n<p><label> Votre e-mail<br \/>\n<span class=\"wpcf7-form-control-wrap\" data-name=\"your-email\"><input size=\"40\" maxlength=\"400\" class=\"wpcf7-form-control wpcf7-email wpcf7-validates-as-required wpcf7-text wpcf7-validates-as-email\" autocomplete=\"email\" aria-required=\"true\" aria-invalid=\"false\" value=\"\" type=\"email\" name=\"your-email\" \/><\/span> <\/label>\n<\/p>\n<p><label> Objet<br \/>\n<span class=\"wpcf7-form-control-wrap\" data-name=\"menu-928\"><select class=\"wpcf7-form-control wpcf7-select\" aria-invalid=\"false\" multiple=\"multiple\" name=\"menu-928[]\"><option value=\"\">&#8212;Veuillez choisir une option&#8212;<\/option><option value=\"Mariage\">Mariage<\/option><option value=\"Karaok\u00e9\">Karaok\u00e9<\/option><option value=\"Prestation Live\">Prestation Live<\/option><option value=\"Vedettes\">Vedettes<\/option><option value=\"Sosies\">Sosies<\/option><\/select><\/span><label> <\/label><br \/>\n<label> Votre message<br \/>\n<span class=\"wpcf7-form-control-wrap\" data-name=\"your-message\"><textarea cols=\"40\" rows=\"10\" maxlength=\"2000\" class=\"wpcf7-form-control wpcf7-textarea\" aria-invalid=\"false\" name=\"your-message\"><\/textarea><\/span> <\/label><br \/>\n<input class=\"wpcf7-form-control wpcf7-submit has-spinner\" type=\"submit\" value=\"Envoyer\" \/><\/label>\n<\/p><div class=\"wpcf7-response-output\" aria-hidden=\"true\"><\/div>\n<\/form>\n<\/div>\n<\/p>\n","protected":false},"excerpt":{"rendered":"<p>Pour tout \u00e9v\u00e8nement musical (mariage, s\u00e9minaire d&rsquo;entreprise, karaok\u00e9, soir\u00e9e priv\u00e9e&#8230;) sur la r\u00e9gion de Grenoble, contactez JP ANIMATION 38 ais\u00e9ment ! Utilisez [&hellip;]<\/p>\n","protected":false},"author":1,"featured_media":0,"parent":0,"menu_order":0,"comment_status":"closed","ping_status":"closed","template":"","meta":{"footnotes":""},"class_list":["post-39","page","type-page","status-publish","hentry"],"_links":{"self":[{"href":"https:\/\/jpanimation38.fr\/index.php\/wp-json\/wp\/v2\/pages\/39","targetHints":{"allow":["GET"]}}],"collection":[{"href":"https:\/\/jpanimation38.fr\/index.php\/wp-json\/wp\/v2\/pages"}],"about":[{"href":"https:\/\/jpanimation38.fr\/index.php\/wp-json\/wp\/v2\/types\/page"}],"author":[{"embeddable":true,"href":"https:\/\/jpanimation38.fr\/index.php\/wp-json\/wp\/v2\/users\/1"}],"replies":[{"embeddable":true,"href":"https:\/\/jpanimation38.fr\/index.php\/wp-json\/wp\/v2\/comments?post=39"}],"version-history":[{"count":4,"href":"https:\/\/jpanimation38.fr\/index.php\/wp-json\/wp\/v2\/pages\/39\/revisions"}],"predecessor-version":[{"id":46,"href":"https:\/\/jpanimation38.fr\/index.php\/wp-json\/wp\/v2\/pages\/39\/revisions\/46"}],"wp:attachment":[{"href":"https:\/\/jpanimation38.fr\/index.php\/wp-json\/wp\/v2\/media?parent=39"}],"curies":[{"name":"wp","href":"https:\/\/api.w.org\/{rel}","templated":true}]}}